32?
False
Does 364 divide 172900?
True
Is 928837 a multiple of 22?
False
Does 25 divide 3734800?
True
Does 9 divide 12917?
False
Is 492045 a multiple of 12?
False
Is 1999816 a multiple of 14?
True
Is 28 a factor of 172050?
False
Does 25 divide 370375?
True
Is 1800765 a multiple of 5?
True
Is 37987 even?
False
Is 69 a factor of 902637?
False
Is 20 a factor of 239297?
False
Does 37 divide 2417602?
False
Is 35 a factor of 2660?
True
Is 132 a factor of 74580?
True
Does 10 divide 25710?
True
Does 290 divide 1351400?
True
Is 34 a factor of 57596?
True
Is 50 a factor of 93005?
False
Is 766 a factor of 3103542?
False
Is 5 a factor of 1608502?
False
Is 11721720 a multiple of 620?
True
Does 15 divide 24630?
True
Does 30 divide 3491220?
True
Is 1172637 a multiple of 81?
True
Is 1048500 a multiple of 9?
True
Does 20 divide 14069?
False
Is 8 a factor of 11079046?
False
Does 11 divide 218110?
False
Does 72 divide 20376?
True
Is 319 a factor of 104313?
True
Is 31004 a multiple of 4?
True
Does 92 divide 5122661?
False
Is 2 a factor of 283111?
False
Does 361 divide 255131?
False
Is 305 a factor of 152805?
True
Is 1265 a factor of 5540700?
True
Does 112 divide 2124640?
True
Does 176 divide 82029?
False
Is 290 a factor of 9609?
False
Is 1268404 a multiple of 23?
True
Is 1589970 a multiple of 5?
True
Does 40 divide 727160?
True
Is 6 a factor of 27396?
True
Is 79 a factor of 624278?
False
Does 16 divide 27536?
True
Is 1889 a factor of 2625710?
True
Is 143825 a multiple of 55?
True
Does 53 divide 2781831?
False
Is 16 a factor of 1531392?
True
Does 40 divide 17614328?
False
Does 8 divide 2387384?
True
Does 71 divide 32518?
True
Is 197490 a multiple of 435?
True
Is 82 a factor of 1184489?
False
Is 14 a factor of 32550?
True
Does 10 divide 14631351?
False
Does 12 divide 1880952?
True
Is 291 a factor of 713823?
True
Does 5 divide 881498?
False
Does 31 divide 1909324?
False
Does 17 divide 15531438?
True
Does 84 divide 2302188?
True
Is 24475230 a multiple of 342?
True
Is 5 a factor of 240751?
False
Does 50 divide 13686?
False
Is 14762686 a multiple of 21?
False
Is 174615 a multiple of 21?
True
Is 346 a factor of 19245864?
False
Does 50 divide 159366?
False
Is 286 a factor of 2532627?
False
Does 87 divide 12267?
True
Does 341 divide 2328475?
False
Does 16 divide 5088332?
False
Does 4 divide 227096?
True
Is 25668 a multiple of 46?
True
Is 24 a factor of 223848?
True
Does 46 divide 30951?
False
Is 197892 a multiple of 9?
True
Is 8732820 a multiple of 10?
True
Is 159 a factor of 276028?
False
Does 184 divide 118355?
False
Is 153 a factor of 270504?
True
Does 279 divide 534564?
True
Is 2 a factor of 502592?
True
Is 4139667 a multiple of 49?
True
Is 7 a factor of 361011?
True
Is 563007 a multiple of 27?
False
Is 87 a factor of 131631?
True
Is 870040 a multiple of 56?
False
Does 432 divide 549072?
True
Is 138 a factor of 108601?
False
Is 5 a factor of 5791600?
True
Does 46 divide 1072868?
False
Is 731442 a multiple of 6?
True
Is 975 a factor of 5878275?
True
Does 22 divide 86504?
True
Is 2132129 a multiple of 4?
False
Is 4961751 a multiple of 496?
False
Is 14 a factor of 260173?
False
Is 4 a factor of 136717?
False
Does 10 divide 269254?
False
Does 8 divide 1357632?
True
Is 475381 a multiple of 21?
False
Is 201 a factor of 69106?
False
Is 7548 a multiple of 9?
False
Is 50 a factor of 68841?
False
Is 343271 a multiple of 7?
False
Is 172 a factor of 1414012?
True
Is 230 a factor of 56580?
True
Does 309 divide 360294?
True
Is 57 a factor of 62073?
True
Is 455423 a multiple of 52?
False
Is 1013890 a multiple of 53?
True
Does 14 divide 1370768?
True
Does 20 divide 112180?
True
Is 16 a factor of 1658208?
True
Is 78 a factor of 156156?
True
Does 74 divide 297776?
True
Is 10151361 a multiple of 36?
False
Does 33 divide 155496?
True
Is 387554 a multiple of 107?
True
Is 46 a factor of 1294828?
False
Is 5 a factor of 2434?
False
Does 458 divide 4842837?
False
Does 8 divide 171107?
False
Is 637 a factor of 4020107?
True
Does 9 divide 150111?
True
Is 7 a factor of 1199779?
True
Is 2100195 a multiple of 5?
True
Is 395472 a multiple of 11?
True
Is 2054619 a multiple of 153?
False
Is 1845 a factor of 13996981?
False
Is 476362 a multiple of 132?
False
Is 5 a factor of 2291338?
False
Does 13 divide 197262?
True
Is 391043 a multiple of 476?
False
Is 143106 a multiple of 34?
True
Is 20 a factor of 81920?
True
Is 151071 a multiple of 37?
True
Is 205 a factor of 80760?
False
Is 3 a factor of 2357?
False
Is 620496 a multiple of 31?
True
Does 53 divide 3433687?
False
Is 19 a factor of 1643089?
False
Is 10425312 a multiple of 477?
True
Does 47 divide 1348030?
False
Does 38 divide 2897766?
True
Is 158515 a multiple of 305?
False
Is 1275765 a multiple of 687?
False
Does 36 divide 6192?
True
Is 53172 a multiple of 12?
True
Is 6042 a multiple of 57?
True
Does 668 divide 1034064?
True
Does 2 divide 2048100?
True
Does 248 divide 22475496?
True
Is 466 a factor of 80618?
True
Does 14 divide 279461?
False
Does 22 divide 913506?
True
Is 165114 a multiple of 18?
True
Is 3101263 a multiple of 360?
False
Is 2418 a multiple of 31?
True
Is 2790 a multiple of 31?
True
Is 2971822 a multiple of 86?
False
Does 12 divide 88116?
True
Is 1522 a factor of 3106402?
True
Is 2954655 a multiple of 45?
True
Does 299 divide 26013?
True
Is 7385023 a multiple of 577?
True
Is 17 a factor of 152099?
True
Is 627330 a multiple of 43?
False
Does 34 divide 1641180?
True
Is 2 a factor of 203976?
True
Is 54 a factor of 50328?
True
Is 15 a factor of 5730?
True
Is 4443202 a multiple of 502?
True
Does 15 divide 4853315?
False
Is 148490 a multiple of 430?
False
Is 379 a factor of 140988?
True
Does 33 divide 39246?
False
Is 871556 a multiple of 7?
True
Is 158654 a multiple of 5?
False
Is 86024 a multiple of 18?
False
Is 72075 a multiple of 93?
True
Does 18 divide 54000?
True
Is 385 a factor of 1352890?
True
Does 2069 divide 1969688?
True
Is 175 a factor of 60726?
False
Is 41 a factor of 5494?
True
Is 274217 a multiple of 26?
False
Does 328 divide 1791514?
False
Does 10 divide 1600966?
False
Is 9 a factor of 15345585?
True
Is 429 a factor of 1020591?
True
Is 87346 a multiple of 3?
False
Is 321 a factor of 13007883?
True
Is 119 a factor of 406147?
True
Is 22 a factor of 141790?
True
Does 18 divide 73663?
False
Does 591 divide 6768723?
True
Does 485 divide 99925?
False
Does 161 divide 9310235?
False
Is 4 a factor of 28196?
True
Is 501634 a multiple of 2?
True
Does 11 divide 970686?
False
Is 8393940 a multiple of 11?
False
Is 224 a factor of 693504?
True
Does 572 divide 2899335?
False
Does 36 divide 2780268?
False
Does 39 divide 29757?
True
Is 500 a factor of 992624?
False
Is 11944284 a multiple of 82?
True
Does 64 divide 126591?
False
Is 46 a factor of 1816654?
False
Is 297562 a multiple of 491?
False
Does 26 divide 51559?
False
Does 160 divide 2350560?
True
Does 336 divide 6279168?
True
Is 103 a factor of 48925?
True
Is 102 a factor of 3514410?
True
Does 38 divide 800166?
True
Is 123 a factor of 552886?
False
Does 150 divide 625659?
False
Is 356503 a multiple of 9?
False
Is 9 a factor of 644256?
True
Is 27 a factor of 7087095?
True
Is 11 a factor of 2157528?
False
Is 637 a multiple of 7?
True
Does 170 divide 295479?
False
Is 923083 a multiple of 7?
True
Is 83 a factor of 230574?
True
Is 9 a factor of 44083?
False
Is 199 a factor of 11455?
False
Is 23663 a multiple of 49?
False
Is 142 a factor of 624942?
True
Is 7872928 a multiple of 196?
True
Is 13 a factor of 552045?
True
Is 321 a factor of 31895?
False
Is 994204 a multiple of 24?
False
Is 252660 a multiple of 20?
True
Is 418 a factor of 169661?
False
Does 8 divide 296005?
False
Is 829816 a multiple of 104?
True
Does 83 divide 1428639?
False
Is 511 a factor of 1233967?
False
Does 19 divide 26679214?
False
Is 1674432 a multiple of 81?
True
Is 5181645 a multiple of 74?
False
Is 135616 a multiple of 16?
True
Is 144624 a multiple of 131?
True
Does 24 divide 913876?
False
Is 2226388 a multiple of 1667?
False
Is 92 a factor of 298172?
True
Is 30 a factor of 5271241?
False
Is 136847 a multiple of 281?
True
Is 963300 a multiple of 147?
False
Is 423039 a multiple of 62?
False
Is 288153 a multiple of 275?
False
Is 59 a factor of 2230605?
False
Is 245796 a multiple of 15?
False
Is 93705 a multiple of 7